851?
4
What is the hundreds digit of 2023613?
6
What is the hundreds digit of 513548?
5
What is the hundred thousands digit of 142383?
1
What is the units digit of 4435211?
1
What is the units digit of 498175?
5
What is the units digit of 585032?
2
What is the ten millions digit of 14399978?
1
What is the ten thousands digit of 217397?
1
What is the hundred thousands digit of 303939?
3
What is the ten thousands digit of 30880217?
8
What is the thousands digit of 1140946?
0
What is the hundred thousands digit of 16406743?
4
What is the tens digit of 186904?
0
What is the thousands digit of 14709172?
9
What is the hundreds digit of 279584?
5
What is the hundreds digit of 6186996?
9
What is the ten thousands digit of 3600419?
0
What is the thousands digit of 24067031?
7
What is the millions digit of 3665460?
3
What is the hundred thousands digit of 11897227?
8
What is the thousands digit of 178498?
8
What is the tens digit of 3155666?
6
What is the tens digit of 7659?
5
What is the thousands digit of 227743?
7
What is the units digit of 2968929?
9
What is the thousands digit of 794598?
4
What is the ten thousands digit of 3482089?
8
What is the thousands digit of 219470?
9
What is the thousands digit of 21594851?
4
What is the units digit of 236517?
7
What is the units digit of 10097673?
3
What is the hundreds digit of 1009943?
9
What is the hundred thousands digit of 231845?
2
What is the units digit of 2283840?
0
What is the units digit of 155609?
9
What is the millions digit of 3407127?
3
What is the tens digit of 8281867?
6
What is the tens digit of 1018553?
5
What is the millions digit of 23499390?
3
What is the ten thousands digit of 871485?
7
What is the hundred thousands digit of 233979?
2
What is the thousands digit of 26848?
6
What is the ten millions digit of 33033100?
3
What is the thousands digit of 1892545?
2
What is the units digit of 34366?
6
What is the hundreds digit of 275296?
2
What is the hundred thousands digit of 389774?
3
What is the hundred thousands digit of 6699669?
6
What is the tens digit of 948303?
0
What is the ten thousands digit of 226768?
2
What is the hundreds digit of 815933?
9
What is the thousands digit of 2304337?
4
What is the ten thousands digit of 542868?
4
What is the units digit of 18353493?
3
What is the tens digit of 695657?
5
What is the hundreds digit of 548923?
9
What is the ten thousands digit of 2604836?
0
What is the millions digit of 1509496?
1
What is the tens digit of 6312276?
7
What is the ten thousands digit of 11341364?
4
What is the hundreds digit of 8018635?
6
What is the tens digit of 333951?
5
What is the units digit of 982698?
8
What is the thousands digit of 912504?
2
What is the units digit of 3471090?
0
What is the thousands digit of 426826?
6
What is the tens digit of 25231822?
2
What is the units digit of 574087?
7
What is the hundreds digit of 11548053?
0
What is the thousands digit of 2107841?
7
What is the units digit of 264874?
4
What is the ten thousands digit of 9347453?
4
What is the units digit of 143405?
5
What is the thousands digit of 23555682?
5
What is the ten thousands digit of 10026015?
2
What is the thousands digit of 22748140?
8
What is the hundreds digit of 210964?
9
What is the ten millions digit of 13744581?
1
What is the millions digit of 32000173?
2
What is the tens digit of 152519?
1
What is the hundred thousands digit of 168966?
1
What is the tens digit of 112948?
4
What is the thousands digit of 840647?
0
What is the tens digit of 20585067?
6
What is the units digit of 1337124?
4
What is the thousands digit of 5320584?
0
What is the tens digit of 1718061?
6
What is the units digit of 130121?
1
What is the units digit of 768473?
3
What is the hundreds digit of 495609?
6
What is the units digit of 90534?
4
What is the units digit of 75309?
9
What is the thousands digit of 1896937?
6
What is the thousands digit of 2986643?
6
What is the hundred thousands digit of 428628?
4
What is the hundred thousands digit of 3734471?
7
What is the ten thousands digit of 152585?
5
What is the thousands digit of 681065?
1
What is the hundred thousands digit of 240017?
2
What is the hundred thousands digit of 847342?
8
What is the ten thousands digit of 4991179?
9
What is the hundred thousands digit of 19245712?
2
What is the tens digit of 27627?
2
What is the ten thousands digit of 1623752?
2
What is the hundreds digit of 142076?
0
What is the thousands digit of 10303623?
3
What is the ten thousands digit of 5314851?
1
What is the tens digit of 314335?
3
What is the hundred thousands digit of 1155217?
1
What is the millions digit of 1290487?
1
What is the thousands digit of 1844999?
4
What is the units digit of 3077802?
2
What is the thousands digit of 301958?
1
What is the thousands digit of 344072?
4
What is the thousands digit of 86044?
6
What is the hundred thousands digit of 124381?
1
What is the ten thousands digit of 897611?
9
What is the units digit of 327735?
5
What is the tens digit of 56853?
5
What is the ten thousands digit of 2255457?
5
What is the millions digit of 2389501?
2
What is the ten thousands digit of 592307?
9
What is the thousands digit of 236288?
6
What is the hundred thousands digit of 5480976?
4
What is the tens digit of 2707684?
8
What is the thousands digit of 2557578?
7
What is the thousands digit of 3531070?
1
What is the ten thousands digit of 1617188?
1
What is the hundred thousands digit of 426895?
4
What is the ten millions digit of 14378931?
1
What is the thousands digit of 246712?
6
What is the tens digit of 215892?
9
What is the hundred thousands digit of 872544?
8
What is the ten thousands digit of 11747338?
4
What is the hundreds digit of 2383?
3
What is the thousands digit of 577851?
7
What is the millions digit of 1107935?
1
What is the ten thousands digit of 363520?
6
What is the hundred thousands digit of 210391?
2
What is the ten thousands digit of 4880538?
8
What is the thousands digit of 6613801?
3
What is the thousands digit of 5400279?
0
What is the hundred thousands digit of 4083910?
0
What is the ten thousands digit of 6163578?
6
What is the ten thousands digit of 53993?
5
What is the hundred thousands digit of 35128840?
1
What is the units digit of 340408?
8
What is the millions digit of 1914050?
1
What is the tens digit of 763977?
7
What is the thousands digit of 122772?
2
What is the ten thousands digit of 619326?
1
What is the hundreds digit of 1809334?
3
What is the ten thousands digit of 384066?
8
What is the units digit of 6314415?
5
What is the units digit of 529214?
4
What is the hundreds digit of 1568143?
1
What is the hundred thousands digit of 1969192?
9
What is the tens digit of 10774309?
0
What is the ten thousands digit of 855405?
5
What is the ten thousands digit of 933800?
3
What is the thousands digit of 1379091?
9
What is the thousands digit of 918954?
8
What is the hundred thousands digit of 1044679?
0
What is the tens digit of 642423?
2
What is the hundreds digit of 349862?
8
What is the thousands digit of 184179?
4
What is the thousands digit of 171935?
1
What is the hundred thousands digit of 1052519?
0
What is the hundreds digit of 504591?
5
What is the hundreds digit of 1700231?
2
What is the ten millions digit of 14085477?
1
What is the units digit of 2383722?
2
What is the ten thousands digit of 237833?
3
What is the thousands digit of 1970382?
0
What is the ten millions digit of 23224466?
2
What is the ten thousands digit of 72007?
7
What is the tens digit of 323410?
1
What is the hundred thousands digit of 220786?
2
What is the thousands digit of 451187?
1
What is the hundreds digit of 6510838?
8
What is the hundred thousands digit of 1796008?
7
What is the units digit of 5037352?
2
What is the millions digit of 14835100?
4
What is the millions digit of 4562123?
4
What is the tens digit of 1854946?
4
What is the units digit of 1211841?
1
What is the units digit of 404458?
8
What is the thousands digit of 19270351?
0
What is the thousands digit of 336989?
6
What is the tens digit of 576511?
1
What is the ten thousands digit of 222478?
2
What is the hundreds digit of 9830533?
5
What is the hundreds digit of 5116389?
3
What is the tens digit of 497719?
1
What is the thousands digit of 1180749